(o)?
5
Let z(l) = l**3 - 22*l**2 - 23*l + 5. Let s be z(23). Suppose o - s*k = 4*o - 11, -o + 3 = 2*k. Let j(r) = 37 + o*r**2 - 6*r**2 + 8*r - 38. What is j(-8)?
-1
Let o(i) be the first derivative of i**4/4 - 11*i**3/3 + 6*i**2 - 15*i - 4131. What is o(10)?
5
Let h(q) = -q + 21. Suppose -15 = 5*t, -5*s - 97 = 10*t - 6*t. Determine h(s).
38
Let d(n) = -n**2 - n - 4. Let a(c) = 2*c**2 + c + 5. Let y(g) = -2*a(g) - 3*d(g). Suppose 4*k + 3 = 11. Let w be -3 + (3 - (k + -4)). Determine y(w).
0
Suppose f + 7*c + 625 - 610 = 0, -5*f - 45 = 5*c. Let g(t) = 7*t - 15 + 4*t**2 - 2*t**2 - t**2. Give g(f).
-7
Let d(j) = 3*j + 2. Let q(n) = 3*n**2 + 16*n + 15. Let k(f) = -7*f**2 - 32*f - 29. Let v(a) = -2*k(a) - 5*q(a). Let y be v(-12). Let t = 28 - y. Give d(t).
-7
Let r(j) = -j**2. Let l be r(2). Let i(v) = 4*v - 7. Let h(z) be the second derivative of -5*z**3/6 + 4*z**2 - 8*z. Let p(w) = -3*h(w) - 4*i(w). Calculate p(l).
8
Let d(l) be the third derivative of l**7/2520 - l**6/120 - l**5/120 - 101*l**4/24 + 46*l**2. Let i(a) be the second derivative of d(a). Determine i(9).
26
Let a(g) = 12*g**2 - 3*g + 9. Let i be a(2). Suppose 3*f + i = 54. Let o be ((-3 - -6) + -4)/(f/5). Let q(x) = -x - 7. Calculate q(o).
-2
Let j(l) = -3*l**2 - 14*l - 12. Let i(f) = 2*f**2 + 7*f + 6. Suppose -7*s + 9*s + 3 = -c, -5*s = -5*c + 30. Let m(y) = c*j(y) + 5*i(y). Calculate m(8).
2
Let q(i) = -i**3 + 10*i**2 - 2*i + 12. Suppose 0 = -3*c + d + 28, 75*d + 16 = 2*c + 73*d. Calculate q(c).
-8
Let y(f) = -2*f**3 + 8*f**2 + 3*f - 4. Let m(t) = -116*t + 584. Let c be m(5). What is y(c)?
8
Let t(i) = -3*i - 5. Suppose 2*q + 20 = -3*q. Let y(c) = -25 - 14 + 33 - 3*c. Let g(m) = q*y(m) + 5*t(m). What is g(6)?
-19
Let x(g) = 14*g + 38. Let k(d) = -46*d - 114. Let j(n) = -4*k(n) - 13*x(n). What is j(17)?
-4
Let d = 13 + -54. Let g be ((-2 - 0)/(-2))/(59/2183). Let c = g + d. Let y(l) = 5*l + 6. Determine y(c).
-14
Let y(u) be the third derivative of u**6/120 + 7*u**5/60 + 13*u**4/24 + 4*u**3/3 + 7*u**2 - 60*u. What is y(-5)?
-7
Let q(d) = 4*d**2 - 19*d + 9. Let v = 5489 - 5484. Calculate q(v).
14
Let y(f) be the third derivative of 3*f**4/4 + f**3 + 2*f**2 + 25*f. Let x(d) = 18*d + 7. Let k = 4 - 10. Let c(p) = k*y(p) + 5*x(p). What is c(-1)?
17
Let k(f) be the second derivative of -f**4/4 - 3*f**3/2 - f**2/2 + 344*f + 12. Determine k(0).
-1
Let b(k) = 38*k**3 - k. Let l(w) = w**3 + 16*w**2 - 614*w - 69. Let d be l(-34). What is b(d)?
-37
Suppose -5*n + 446 = -4*q, 4*n + 3*q - 294 - 38 = 0. Let x be n/559 - (-160)/(-26). Let j(k) = -k - 8. Determine j(x).
-2
Let j(k) = -3*k**2 + 2*k + 2. Suppose 2*n = -4*c + 6, 5*c - n = -4*n + 9. Let p be j(c). Let t(o) = 132*o**3 - 3*o**p + o**2 - 148*o**3 + o**2. Determine t(1).
-17
Let g(j) = j**3 + 6*j**2 + 6*j + 3. Let r be (-26)/585*9 - (-102)/5. Suppose 0 = -r*p + 27*p + 35. Calculate g(p).
-2
Let n(t) = -t**2 + 4*t - 6. Let k(r) be the third derivative of 0*r - 7/24*r**4 + 2*r**3 + 5*r**2 + 0 + 1/30*r**5. Let m(z) = 2*k(z) + 5*n(z). What is m(5)?
-1
Let o be (-609)/(-27) - (-24)/54. Suppose 2*r = 4*c - 18, -o = -4*c - 4*r + 7*r. Let q(x) = c + 12*x - 15*x + 4*x. Give q(10).
12
Let f(z) = -8*z**2 - 1. Let y(b) be the first derivative of -16*b + 3/2*b**2 - 6. Let u be y(5). What is f(u)?
-9
Let k be (2/3)/((-3)/9). Let o(a) be the second derivative of a**4/12 + a**3/6 + 755*a. What is o(k)?
2
Let f(l) = -7*l**3 - l**2 + l. Let h = 9 - 4. Suppose 0 = -3*d + 3*j + 21, 0 = -4*d - 5*j + 4*j + 18. Suppose -h*k = -d - 0. Determine f(k).
-7
Let g(n) = -3*n**2 - 4*n - 4. Let a = 9107 + -9103. What is g(a)?
-68
Let c = -138 - -140. Let r(z) = 10 - 3 - c*z + 6 + 5. Calculate r(12).
-6
Let a(m) be the first derivative of -7*m**3/6 + m**2/2 - 26*m + 20. Let v(l) be the first derivative of a(l). Let f = -3 - -2. What is v(f)?
8
Let c = -750 + 765. Let u be (-6)/(-9) + (340/c)/(-4). Let q(g) be the third derivative of g**5/60 + g**4/6 - g**3/6 + g**2. Determine q(u).
4
Let i(b) = 16*b + 5. Let v(d) = -14*d - 267. Let z be v(-19). Determine i(z).
-11
Let n be (-4)/(-3)*(-9)/(6/2). Let w be (n - 1) + (-9)/(27/(-42)). Let x(m) be the first derivative of m**2 - 10*m + 10. Give x(w).
8
Let h be -2 + 48/27 - (-188)/36. Let i(c) = -h - 20*c + 14*c + 5*c. Determine i(-8).
3
Let a(m) be the first derivative of 5*m**4/4 + 4*m**3/3 + m**2/2 - 2*m + 1440. Suppose -2 = -4*u + 2, 3*y + 3 = -3*u. Calculate a(y).
-28
Let k(a) be the second derivative of -a**3/6 - 5*a**2/2 - 6*a. Suppose 0 = -17*o - 59 - 145. Give k(o).
7
Let q(z) = 9*z**3 + 13*z**2 - 11*z + 192. Let w(t) = -7*t**3 - 13*t**2 + 11*t - 155. Let j(g) = -4*q(g) - 5*w(g). Give j(11).
128
Let z(k) be the third derivative of k**4/24 - 10*k**3/3 + 861*k**2. Give z(1).
-19
Let y(w) = -184 - 1272*w + 238 + 1237*w + 275. What is y(9)?
14
Let d be (-114)/(-42) - 2/(-7). Let m(v) be the first derivative of -v**4/12 - v**3/6 + 52*v - 37. Let b(h) be the first derivative of m(h). Determine b(d).
-12
Suppose 94*z - 17*z + 120 = -188. Let q(j) = j**2 + 5*j + 1. What is q(z)?
-3
Let u be 4*3/54 - 305/(-45). Let d(j) = -j - 3. Let p be d(u). Let h(n) = -1 + 2 - 9*n**2 - n**3 - n**2. What is h(p)?
1
Let u(c) = -2202*c**2 - 10 + 3*c + 1112*c**2 + 1095*c**2. Determine u(2).
16
Let s(o) = -15*o - 1. Suppose 641*z - 24 = -r + 636*z, 21 = 4*r + 5*z. Give s(r).
14
Let x(y) = -6*y + 13. Let c(h) = h - 3. Let o(u) = -4*c(u) - x(u). Let p(k) = -k**2 - 6*k + 12. Let w(r) = -5*o(r) - p(r). Calculate w(5).
-2
Let u(v) be the third derivative of -7*v**6/60 + v**5/30 - v**3/6 + 6*v**2. Suppose -49 = 18*i - 79*i + 12. Determine u(i).
-13
Let k(i) = 87*i + 606. Let h be k(-7). Let q(y) = -2*y**3 - 2*y. Determine q(h).
60
Suppose 3*z - 5*f - 41 = -0*z, -f - 4 = 0. Suppose 4*n - 1 = z. Let k(j) = -4*j**2 + 69*j**3 + 67*j**3 + 3*j**2 - 202*j**3 - 2*j - 1 + 67*j**3. Calculate k(n).
-1
Let j(r) = r**3 + 2*r**2 - 4*r. Suppose 0 = -2*p + 5*p + 204. Let s = -71 - p. Give j(s).
3
Suppose -8 = -3*n + z, -3*n + n + 5 = -z. Suppose -27*o - 3*o = 0. Suppose v = n*a - 2, 5*a - 50 = -5*v - o*a. Let b(k) = k**3 - 7*k**2 + k - 5. Determine b(v).
2
Let m be (-121 - -116)*(-24)/(-10). Let n(t) = -t**3 - 12*t**2 + 3*t + 30. What is n(m)?
-6
Let j(s) = s + 16. Suppose 3*f = -3 - 9. Let q(p) = 3*p + 48. Let w(b) = f*q(b) + 11*j(b). Let o be w(-12). Let t(z) = -z**2 - 7*z + 5. What is t(o)?
17
Let h be -1 + 3/3 + 1. Let d be h + (-10 + 4)*8/6. Let x(f) = f**2 + 6*f - 7. Calculate x(d).
0
Let s(i) = 6*i + 50. Let r(f) = -17*f - 139. Let k(w) = -3*r(w) - 8*s(w). Determine k(-7).
-4
Let g(k) = -107*k**3 - k**2 - k - 1. Let s(o) = -213*o**3 - 9*o**2 + 4*o + 4. Let w(z) = -2*g(z) + s(z). Let h be (-1)/(0 - 1/6). Calculate w(h).
6
Let i(d) = -20 - 15 + 3*d + 44 - 2. What is i(0)?
7
Suppose 20*d - 19*d - 3*v = 6, 4*d - 8*v = 0. Let p(f) = -9*f + 31. Determine p(d).
139
Suppose 5*f + 23 = 4*t, 3*f + 6 = -3. Suppose 5*a = -5*z + 6*a + 20, 5*a = 3*z + 10. Let i(o) = 108*o - t - 107*o - 4 + z. Calculate i(-3).
-4
Suppose s + 3*h + 3 + 8 = 0, -3*s - 3 = -h. Let w be s/12*-3*-12. Let q(k) = -4*k - 6. What is q(w)?
18
Let d(y) = -y**3 + 8*y**2 - 7*y - 3. Let a(p) = 84*p**2 + 4*p + 2. Let x be a(-2). Suppose 5*n - x = z, 2*z + 3*z + 25 = 0. Let u = 72 - n. Determine d(u).
-3
Let g(v) = -v**3 + 11*v**2 - 18*v - 31. Let m be 6 + -7 - (-63)/(10 + -3). What is g(m)?
17
Let o(u) = 9*u + 2. Let b(d) = -17*d - 3. Let k(v) = -3*b(v) - 5*o(v). Determine k(6).
35
Let w be 9 - (-1 + -4 + 4). Let d(f) = 2*f**2 - 43*f**3 - w*f**3 - 31 + 30. What is d(-1)?
54
Let k = -258 - -257. Let u be ((-2)/6)/k - 35/15. Let g(o) be the first derivative of o**2/2 - o + 2. What is g(u)?
-3
Let k = -10 - 0. Let l(m) = 7*m**3 + 11*m**2 + 3*m + 9. Let x(n) = -15*n**3 - 22*n**2 - 5*n - 19. Let p(i) = -13*l(i) - 6*x(i). Give p(k).
-13
Let c(q) be the third derivative of -q**4/12 + 5*q**3/3 - 97*q**2 - 5. Calculate c(2).
6
Let f(p) = 2*p**2 - 3*p. Let s be f(2). Let d(x) = 9*x - 14. Let t = 293 + -298. Let l(c) = -7*c + 11. Let b(v) = t*l(v) - 4*d(v). What is b(s)?
-1
Let c(h) = -h**3 + 17*h**2 + 21*h - 34. Let z be ((-2)/12 + (-553)/(-294))*189/18. Determine c(z).
20
Suppose 37*n + 2*n - 10*n - 116 = 0. Let q(o) be the first derivative of -n + 7*o - 1/3*o**3 - 7/2*o**2. What is q(-9)?
-11
Suppose -2*q - j = -